{"id":34,"date":"2019-03-18T14:14:26","date_gmt":"2019-03-18T13:14:26","guid":{"rendered":"http:\/\/www.wordpress.ecrin.be\/?page_id=34"},"modified":"2026-01-05T12:33:04","modified_gmt":"2026-01-05T11:33:04","slug":"contact","status":"publish","type":"page","link":"https:\/\/www.ecrin.be\/?page_id=34","title":{"rendered":"Contact"},"content":{"rendered":"<div class=\"wpb-content-wrapper\"><p>[vc_row][vc_column]<div style=\"clear:both; width:100%; height:60px\"><\/div>[\/vc_column][\/vc_row][vc_row][vc_column][vc_tta_tabs style=\u00a0\u00bbmodern\u00a0\u00bb active_section=\u00a0\u00bb1&Prime; css_animation=\u00a0\u00bbfadeInDown\u00a0\u00bb][vc_tta_section i_type=\u00a0\u00bbentypo\u00a0\u00bb i_icon_entypo=\u00a0\u00bbentypo-icon entypo-icon-phone\u00a0\u00bb add_icon=\u00a0\u00bbtrue\u00a0\u00bb title=\u00a0\u00bbCoordonn\u00e9es &amp; horaires\u00a0\u00bb tab_id=\u00a0\u00bb1553765768833-d110475a-5197&Prime;][vc_row_inner][vc_column_inner width=\u00a0\u00bb1\/2&Prime;][vc_single_image image=\u00a0\u00bb807&Prime; img_size=\u00a0\u00bbfull\u00a0\u00bb alignment=\u00a0\u00bbcenter\u00a0\u00bb style=\u00a0\u00bbvc_box_shadow_3d\u00a0\u00bb][\/vc_column_inner][vc_column_inner width=\u00a0\u00bb1\/2&Prime;][vc_column_text css=\u00a0\u00bb\u00a0\u00bb]<\/p>\n<h4 style=\"text-align: center;\"><strong>Contact<\/strong><\/h4>\n<h4>La billetterie et le secr\u00e9tariat sont accessibles du lundi au vendredi de 9h \u00e0 12h.<\/h4>\n<h4>Une permanence t\u00e9l\u00e9phonique est \u00e9galement assur\u00e9e \u00e9galement du lundi au vendredi de 9h \u00e0 12h.<\/h4>\n<h4>Pour toute demande, merci d&rsquo;adresser votre mail \u00e0 info@ecrin.be ou de t\u00e9l\u00e9phoner au 081\/51 06 36.<\/h4>\n<p>Ecrin &#8211; Centre culturel d&rsquo;Eghez\u00e9e<\/p>\n<p>Rue de la gare, 3<\/p>\n<p>5310 Eghez\u00e9e<\/p>\n<p>081\/51 06 36 &#8211; info@ecrin.be<\/p>\n<div id=\"ConnectiveDocSignExtentionInstalled\" data-extension-version=\"1.0.4\"><\/div>\n<p>[\/vc_column_text][\/vc_column_inner][\/vc_row_inner][\/vc_tta_section][vc_tta_section i_type=\u00a0\u00bbentypo\u00a0\u00bb i_icon_entypo=\u00a0\u00bbentypo-icon entypo-icon-paper-plane\u00a0\u00bb add_icon=\u00a0\u00bbtrue\u00a0\u00bb title=\u00a0\u00bbPlan d&rsquo;acc\u00e8s\u00a0\u00bb tab_id=\u00a0\u00bb1553765772172-9b09dbe0-0a41&Prime;][vc_row_inner][vc_column_inner width=\u00a0\u00bb1\/2&Prime;][vc_raw_html]JTNDaWZyYW1lJTIwc3JjJTNEJTIyaHR0cHMlM0ElMkYlMkZ3d3cuZ29vZ2xlLmNvbSUyRm1hcHMlMkZlbWJlZCUzRnBiJTNEJTIxMW0xOCUyMTFtMTIlMjExbTMlMjExZDEwMTMxLjYzOTU3OTI5NzYzOCUyMTJkNC45MTEwMDY0JTIxM2Q1MC41OTE2MjgwNSUyMTJtMyUyMTFmMCUyMTJmMCUyMTNmMCUyMTNtMiUyMTFpMTAyNCUyMTJpNzY4JTIxNGYxMy4xJTIxM20zJTIxMW0yJTIxMXMweDQ3YzE3NTk4Yjk1NzZjMzUlMjUzQTB4Mzg4MDkzM2U4MGQ3OGEyOSUyMTJzRWNyaW4lMkJDZW50cmUlMkJDdWx0dXJlbCUyQmQlMjYlMjMzOSUzQkVnaGV6JTI1QzMlMjVBOWUlMjE1ZTAlMjEzbTIlMjExc2ZyJTIxMnNiZSUyMTR2MTU1NjUyODE5OTI4OCUyMTVtMiUyMTFzZnIlMjEyc2JlJTIyJTIwd2lkdGglM0QlMjI4MDAlMjIlMjBoZWlnaHQlM0QlMjI2MDAlMjIlMjBmcmFtZWJvcmRlciUzRCUyMjAlMjIlMjBzdHlsZSUzRCUyMmJvcmRlciUzQTAlMjIlMjBhbGxvd2Z1bGxzY3JlZW4lM0UlM0MlMkZpZnJhbWUlM0U=[\/vc_raw_html][\/vc_column_inner][vc_column_inner width=\u00a0\u00bb1\/2&Prime;][vc_column_text]Nous disposons d\u2019un grand parking qui se situe \u00e0 l\u2019arri\u00e8re du b\u00e2timent. En arrivant de la chauss\u00e9e de Louvain, vous contournez le rond-point et prenez la premi\u00e8re \u00e0 droite. Vous arrivez \u00e0 l\u2019arri\u00e8re du b\u00e2timent et au bout du chemin, vous trouverez notre grand parking.<\/p>\n<p><strong>Transports publics<\/strong> :<\/p>\n<ul>\n<li><strong> votre bus pour venir \u00e0 Ecrin:<\/strong> <strong><a href=\"https:\/\/www.infotec.be\/fr-be\/medeplacer\/rechercheditin%C3%A9raire.aspx?B=Centre+culturel&amp;latB=50.5949029&amp;lngB=4.910107899999957\">cliquez ici<\/a><\/strong><\/li>\n<li><strong>votre bus pour venir \u00e0 la Marmoth\u00e8que: <a href=\"https:\/\/www.infotec.be\/fr-be\/medeplacer\/rechercheditin%C3%A9raire.aspx?B=Marmoth%C3%A8que+(+pavillon+situ%C3%A9+%C3%A0+c%C3%B4t%C3%A9+du+terrain+de+football)&amp;latB=50.5591504&amp;lngB=4.906316599999968\">cliquez ici<\/a><\/strong><\/li>\n<li><strong>votre bus pour venir \u00e0 Terre Franche: <a href=\"https:\/\/www.infotec.be\/fr-be\/medeplacer\/rechercheditin%C3%A9raire.aspx?B=Terre+Franche%252C+Centre+d%E2%80%99Expression+et+de+Cr%C3%A9ativit%C3%A9+du+Centre+culturel+Ecrin+&amp;latB=50.5765432&amp;lngB=4.896237199999973\">cliquez ici<\/a><\/strong><\/li>\n<\/ul>\n<p><a href=\"https:\/\/www.infotec.be\/fr-be\/medeplacer\/horaires\/arret.aspx?arret=EGHEZEE%20Centre&amp;titre=EGHEZEE%20Centre\">l&rsquo;arr\u00eat TEC le plus proche du centre Ecrin: \u00ab\u00a0Eghez\u00e9e Centre\u00a0\u00bb cliquez sur ce lien<\/a>\u00a0 et\u00a0 <a class=\"jce_file\" title=\"carte du r\u00e9seau TEC\" href=\"https:\/\/www.infotec.be\/Portals\/0\/TEC%20Namur_Luxembourg\/PDF\/Eghez%E9e_plan%20du%20r%E9seau.pdf\">carte du r\u00e9seau TEC Namur Luxembourg pour le territoire d&rsquo;Eghez\u00e9e<\/a><\/p>\n<div>\n<p><strong>Pour les personnes \u00e0 mobilit\u00e9 r\u00e9duite<\/strong>, un acc\u00e8s le long du b\u00e2timent vous est r\u00e9serv\u00e9 avec un parking propre \u00e0 proximit\u00e9 de l&rsquo;entr\u00e9e du centre sportif.<\/p>\n<p><strong>EN VENANT DE L&rsquo;AUTOROUTE E411 (de Bruxelles)<\/strong><br \/>\nSortie 12 (Eghez\u00e9e). A la sortie, \u00e0 gauche, route de La Bruy\u00e8re. La route de La Bruy\u00e8re traverse les villages de Saint-Germain, d&rsquo;Upigny, et de Longchamps. Apr\u00e8s Longchamps, prendre \u00e0 gauche au rond-point, Chauss\u00e9e de Namur, \u00e0 l&rsquo;entr\u00e9e d&rsquo;Eghez\u00e9e. Au carrefour avec feux, continuer sur la route principale (chauss\u00e9e de Louvain). Au carrefour suivant (+\/- 200 M), prendre \u00e0 droite (rue de la Gare). Le Centre culturel est \u00e0 100 m dans cette rue.<\/p>\n<p><strong>EN VENANT DE L&rsquo;AUTOROUTE E411 (de Luxembourg)<\/strong><br \/>\nSortie 13 (Champion). Prendre \u00e0 droite (N91) direction Eghez\u00e9e. Passer Champion, Cognel\u00e9e, War\u00eat et Leuze. A Eghez\u00e9e, apr\u00e8s le carrefour avec feux, continuer sur la route principale (chauss\u00e9e de Louvain). Au carrefour suivant (+\/- 200 M), prendre \u00e0 droite (rue de la Gare). Le Centre culturel est \u00e0 100 m dans cette rue.<\/p>\n<p><strong>EN VENANT DE L&rsquo;AUTOROUTE E42 (de Li\u00e8ge)<\/strong><br \/>\nSortie 9 (Andenne \u2013 Bierwart). Prendre \u00e0 droite direction Bierwart. Passez Bierwart, Forville et Hanret. A Eghez\u00e9e, au carrefour avec feux, tourner \u00e0 droite (chauss\u00e9e de Louvain). Au carrefour suivant (+\/- 200 M), prendre \u00e0 droite (rue de la Gare). Le Centre culturel est \u00e0 100 m dans cette rue.<\/p>\n<p><strong>EN VENANT DE L&rsquo;AUTOROUTE E42 (de Charleroi \/ Mons)<\/strong><br \/>\nA l&rsquo;\u00e9changeur de Daussoulx, prendre E411 direction Luxembourg. Sortie 13 (Champion). Prendre \u00e0 gauche (N91) direction Eghez\u00e9e. Passer Champion, Cognel\u00e9e, War\u00eat et Leuze. A Eghez\u00e9e, apr\u00e8s le carrefour avec feux, continuer sur la route principale (chauss\u00e9e de Louvain). Au carrefour suivant (+\/- 200 M), prendre \u00e0 droite (rue de la Gare). Le Centre culturel est \u00e0 100 m dans cette rue.<\/p>\n<\/div>\n<p>[\/vc_column_text][\/vc_column_inner][\/vc_row_inner][\/vc_tta_section][vc_tta_section i_type=\u00a0\u00bbentypo\u00a0\u00bb i_icon_entypo=\u00a0\u00bbentypo-icon entypo-icon-publish\u00a0\u00bb add_icon=\u00a0\u00bbtrue\u00a0\u00bb title=\u00a0\u00bbUne question ?\u00a0\u00bb tab_id=\u00a0\u00bb1553765768859-ddf73c08-9cb6&Prime;]\n<div class=\"wpcf7 no-js\" id=\"wpcf7-f318-o1\" lang=\"fr-FR\" dir=\"ltr\">\n<div class=\"screen-reader-response\"><p role=\"status\" aria-live=\"polite\" aria-atomic=\"true\"><\/p> <ul><\/ul><\/div>\n<form action=\"\/index.php?rest_route=%2Fwp%2Fv2%2Fpages%2F34#wpcf7-f318-o1\" method=\"post\" class=\"wpcf7-form init\" aria-label=\"Formulaire de contact\" novalidate=\"novalidate\" data-status=\"init\">\n<div style=\"display: none;\">\n<input type=\"hidden\" name=\"_wpcf7\" value=\"318\" \/>\n<input type=\"hidden\" name=\"_wpcf7_version\" value=\"5.9.3\" \/>\n<input type=\"hidden\" name=\"_wpcf7_locale\" value=\"fr_FR\" \/>\n<input type=\"hidden\" name=\"_wpcf7_unit_tag\" value=\"wpcf7-f318-o1\" \/>\n<input type=\"hidden\" name=\"_wpcf7_container_post\" value=\"0\" \/>\n<input type=\"hidden\" name=\"_wpcf7_posted_data_hash\" value=\"\" \/>\n<\/div>\n<p><label> Votre nom (obligatoire)<br \/>\n<span class=\"wpcf7-form-control-wrap\" data-name=\"your-name\"><input size=\"40\" class=\"wpcf7-form-control wpcf7-text wpcf7-validates-as-required\" aria-required=\"true\" aria-invalid=\"false\" value=\"\" type=\"text\" name=\"your-name\" \/><\/span> <\/label>\n<\/p>\n<p><label> Votre adresse de messagerie (obligatoire)<br \/>\n<span class=\"wpcf7-form-control-wrap\" data-name=\"your-email\"><input size=\"40\" class=\"wpcf7-form-control wpcf7-email wpcf7-validates-as-required wpcf7-text wpcf7-validates-as-email\" aria-required=\"true\" aria-invalid=\"false\" value=\"\" type=\"email\" name=\"your-email\" \/><\/span> <\/label>\n<\/p>\n<p><label> Objet<br \/>\n<span class=\"wpcf7-form-control-wrap\" data-name=\"your-subject\"><input size=\"40\" class=\"wpcf7-form-control wpcf7-text\" aria-invalid=\"false\" value=\"\" type=\"text\" name=\"your-subject\" \/><\/span> <\/label>\n<\/p>\n<p><label> Votre message<br \/>\n<span class=\"wpcf7-form-control-wrap\" data-name=\"your-message\"><textarea cols=\"40\" rows=\"10\" class=\"wpcf7-form-control wpcf7-textarea\" aria-invalid=\"false\" name=\"your-message\"><\/textarea><\/span> <\/label><br \/>\n<div id=\"cf7sr-69f1a7f4dee3c\" class=\"cf7sr-g-recaptcha\" data-theme=\"light\" data-type=\"image\" data-size=\"normal\" data-sitekey=\"6LcmkXEaAAAAAB_7Ej0yALcvVIrR2h3SSJ2jpzh9\"><\/div><span class=\"wpcf7-form-control-wrap cf7sr-recaptcha\" data-name=\"cf7sr-recaptcha\"><input type=\"hidden\" name=\"cf7sr-recaptcha\" value=\"\" class=\"wpcf7-form-control\"><\/span><br \/>\n<input class=\"wpcf7-form-control wpcf7-submit has-spinner\" type=\"submit\" value=\"Envoyer\" \/>\n<\/p><p style=\"display: none !important;\" class=\"akismet-fields-container\" data-prefix=\"_wpcf7_ak_\"><label>&#916;<textarea name=\"_wpcf7_ak_hp_textarea\" cols=\"45\" rows=\"8\" maxlength=\"100\"><\/textarea><\/label><input type=\"hidden\" id=\"ak_js_1\" name=\"_wpcf7_ak_js\" value=\"219\"\/><script>document.getElementById( \"ak_js_1\" ).setAttribute( \"value\", ( new Date() ).getTime() );<\/script><\/p><div class=\"wpcf7-response-output\" aria-hidden=\"true\"><\/div>\n<\/form>\n<\/div>\n[\/vc_tta_section][\/vc_tta_tabs][\/vc_column][\/vc_row]<\/p>\n<\/div>","protected":false},"excerpt":{"rendered":"<p>[vc_row][vc_column][\/vc_column][\/vc_row][vc_row][vc_column][vc_tta_tabs style=\u00a0\u00bbmodern\u00a0\u00bb active_section=\u00a0\u00bb1&Prime; css_animation=\u00a0\u00bbfadeInDown\u00a0\u00bb][vc_tta_section i_type=\u00a0\u00bbentypo\u00a0\u00bb i_icon_entypo=\u00a0\u00bbentypo-icon entypo-icon-phone\u00a0\u00bb add_icon=\u00a0\u00bbtrue\u00a0\u00bb title=\u00a0\u00bbCoordonn\u00e9es &amp; horaires\u00a0\u00bb tab_id=\u00a0\u00bb1553765768833-d110475a-5197&Prime;][vc_row_inner][vc_column_inner width=\u00a0\u00bb1\/2&Prime;][vc_single_image image=\u00a0\u00bb807&Prime; img_size=\u00a0\u00bbfull\u00a0\u00bb alignment=\u00a0\u00bbcenter\u00a0\u00bb style=\u00a0\u00bbvc_box_shadow_3d\u00a0\u00bb][\/vc_column_inner][vc_column_inner width=\u00a0\u00bb1\/2&Prime;][vc_column_text css=\u00a0\u00bb\u00a0\u00bb] Contact La billetterie et le secr\u00e9tariat&#8230;<\/p>\n<p class=\"readmore\"><a class=\"more-btn\" href=\"https:\/\/www.ecrin.be\/?page_id=34\">Read More<\/a><\/p>\n","protected":false},"author":1,"featured_media":0,"parent":0,"menu_order":0,"comment_status":"closed","ping_status":"closed","template":"","meta":{"sfsi_plus_gutenberg_text_before_share":"","sfsi_plus_gutenberg_show_text_before_share":"","sfsi_plus_gutenberg_icon_type":"","sfsi_plus_gutenberg_icon_alignemt":"","sfsi_plus_gutenburg_max_per_row":"","footnotes":""},"publishpress_future_action":{"enabled":false,"date":"2026-05-06 08:40:52","action":"change-status","newStatus":"draft","terms":[],"taxonomy":""},"_links":{"self":[{"href":"https:\/\/www.ecrin.be\/index.php?rest_route=\/wp\/v2\/pages\/34"}],"collection":[{"href":"https:\/\/www.ecrin.be\/index.php?rest_route=\/wp\/v2\/pages"}],"about":[{"href":"https:\/\/www.ecrin.be\/index.php?rest_route=\/wp\/v2\/types\/page"}],"author":[{"embeddable":true,"href":"https:\/\/www.ecrin.be\/index.php?rest_route=\/wp\/v2\/users\/1"}],"replies":[{"embeddable":true,"href":"https:\/\/www.ecrin.be\/index.php?rest_route=%2Fwp%2Fv2%2Fcomments&post=34"}],"version-history":[{"count":63,"href":"https:\/\/www.ecrin.be\/index.php?rest_route=\/wp\/v2\/pages\/34\/revisions"}],"predecessor-version":[{"id":5839,"href":"https:\/\/www.ecrin.be\/index.php?rest_route=\/wp\/v2\/pages\/34\/revisions\/5839"}],"wp:attachment":[{"href":"https:\/\/www.ecrin.be\/index.php?rest_route=%2Fwp%2Fv2%2Fmedia&parent=34"}],"curies":[{"name":"wp","href":"https:\/\/api.w.org\/{rel}","templated":true}]}}