{"id":3876,"date":"2023-03-09T10:21:39","date_gmt":"2023-03-09T09:21:39","guid":{"rendered":"https:\/\/www.ecrin.be\/?page_id=3876"},"modified":"2023-03-09T11:04:56","modified_gmt":"2023-03-09T10:04:56","slug":"conditions-generales-de-vente","status":"publish","type":"page","link":"https:\/\/www.ecrin.be\/?page_id=3876","title":{"rendered":"Conditions g\u00e9n\u00e9rales de vente"},"content":{"rendered":"<div class=\"wpb-content-wrapper\"><p>[vc_row][vc_column]<div class=\"dt-title-wrapper\"><h1 class=\"section-title\">Conditions g\u00e9n\u00e9rales de vente<\/h1><\/div><div style=\"clear:both; width:100%; height:60px\"><\/div>[vc_column_text]<\/p>\n<div id=\"content-core\">\n<div id=\"parent-fieldname-text\">\n<p><strong>Article 1 <\/strong>&#8211; Pr\u00e9ambule<br \/>\nLes pr\u00e9sentes conditions de vente s&rsquo;appliquent de plein droit et sans restriction \u00e0 l&rsquo;achat de place(s) de spectacle(s) effectu\u00e9 via le site Internet du Centre culturel Ecrin d&rsquo;Eghez\u00e9e. L&rsquo;achat de place(s) de spectacle(s) par l&rsquo;acheteur implique son adh\u00e9sion sans r\u00e9serve aux pr\u00e9sentes conditions de vente. Les billets gard\u00e9s \u00e0 la billetterie seront \u00e0 retirer 30mm avant la repr\u00e9sentation.<\/p>\n<p><strong>Article 2 <\/strong>\u2013 G\u00e9n\u00e9ralit\u00e9s<br \/>\nLe Centre culturel Ecrin d&rsquo;Eghez\u00e9e offre la possibilit\u00e9 d\u2019achat de places de spectacle depuis son site Internet via la plateforme billetweb.fr. L\u2019acheteur re\u00e7oit la confirmation de son achat par courrier \u00e9lectronique ainsi que ses tickets d\u2019entr\u00e9e sous la forme de E-tickets qu\u2019il devra imp\u00e9rativement imprimer et qui lui donnent directement acc\u00e8s \u00e0 la salle, sans devoir repasser par la billetterie. Le scan du ticket via smartphone se fera \u00e0 l&rsquo;entr\u00e9e du spectacle. Lors de votre achat en ligne, veuillez imprimer vos tickets \u00e0 domicile.<\/p>\n<p><strong>Article 3<\/strong> &#8211; Annulation et remboursement<br \/>\nLes billets sont valables uniquement pour la repr\u00e9sentation pour laquelle ils ont \u00e9t\u00e9 \u00e9mis. Ils ne sont ni rembours\u00e9s, ni report\u00e9s, sauf en cas d&rsquo;annulation de la repr\u00e9sentation de notre fait. En cas d\u2019impossibilit\u00e9 de venir au th\u00e9\u00e2tre \u00e0 la date pr\u00e9vue : un ticket sans r\u00e9duction peut \u00eatre c\u00e9d\u00e9 \u00e0 un tiers sans d\u00e9marches ni frais. Un ticket \u00e0 tarif r\u00e9duit est cessible \u00e0 toute autre personne remplissant les m\u00eames conditions de r\u00e9duction. Sinon, la diff\u00e9rence entre le prix plein et le prix r\u00e9duit devra \u00eatre pay\u00e9 \u00e0 la billetterie du th\u00e9\u00e2tre, au plus tard 30mn avant le d\u00e9but de la repr\u00e9sentation. En cas d&rsquo;intemp\u00e9ries, de probl\u00e8mes de circulation routi\u00e8re, de gr\u00e8ve de transports en commun, de manifestations etc&#8230;, la responsabilit\u00e9 du th\u00e9\u00e2tre ne pourra \u00eatre engag\u00e9e. En cas de diminution d\u2019une jauge pour raison sanitaire ou autre, nous garantirons les places achet\u00e9es en d\u00e9but de saison et rembourserons en commen\u00e7ant par les derniers achats. Si, en raison des conditions sanitaires, un spectacle devrait \u00eatre annul\u00e9, un autre vous sera propos\u00e9 afin que vous puissiez garder votre tarif abonnement. Les places non occup\u00e9es 10 minutes avant le d\u00e9but de la repr\u00e9sentation ne sont plus garanties.<\/p>\n<p><strong>Article 4<\/strong> &#8211; Tarifs<br \/>\nLe tarif abonnement est applicable \u00e0 partir de 5 spectacles par personne lors de la commande du dit abonnement. Les prix des places de spectacles s&rsquo;entendent en euros, toutes taxes comprises. Les pi\u00e8ces justificatives des tarifs r\u00e9duits seront exig\u00e9es lors de l\u2019achat des billets. Tout achat d\u2019un ticket \u00e0 tarif r\u00e9duit non justifi\u00e9 devra faire l\u2019objet d\u2019un encaissement \u00e0 la billetterie du th\u00e9\u00e2tre, ramenant le prix \u00e0 un tarif plein. Les billets peuvent \u00eatre envoy\u00e9s par courrier, moyennant les frais postaux de 2\u20ac.<\/p>\n<p><strong>Article 5<\/strong> \u2013 Placement et acc\u00e8s aux salles<br \/>\nLes billets ne sont pas num\u00e9rot\u00e9s et le placement est, par cons\u00e9quent, libre. L\u2019ouverture des portes et l\u2019acc\u00e8s aux salles peuvent d\u00e9pendre des particularit\u00e9s sc\u00e9niques des spectacles. L\u2019acc\u00e8s n\u2019est plus autoris\u00e9 apr\u00e8s la fermeture des portes et une fois le spectacle commenc\u00e9.<\/p>\n<p><strong>Article 6<\/strong> &#8211; Paiement S\u00e9curis\u00e9<br \/>\nLes places achet\u00e9es via le site Internet du Centre culturel Ecrin d&rsquo;Eghez\u00e9e peuvent \u00eatre r\u00e9gl\u00e9es par cartes bancaires compatibles avec le site de paiement s\u00e9curis\u00e9 de l&rsquo;op\u00e9rateur ou par virement bancaire. En aucun cas et \u00e0 aucun moment les informations concernant les cartes bancaires ne transitent sur le r\u00e9seau ou sur un quelconque serveur.<\/p>\n<p><strong>Article 7<\/strong> &#8211; Donn\u00e9es personnelles Protection de la vie priv\u00e9e &#8211; loi du 25\/05\/2018<br \/>\nVos coordonn\u00e9es telles qu&rsquo;elles figurent sont recueillies en vue d&rsquo;un traitement automatis\u00e9 effectu\u00e9 en Belgique dont l&rsquo;usage est strictement limit\u00e9 \u00e0 la promotion des activit\u00e9s du Centre culturel Ecrin d&rsquo;Eghez\u00e9e. Vous disposez d&rsquo;un droit d&rsquo;acc\u00e8s, de rectification et d&rsquo;opposition sur ces informations personnelles. Si vous ne souhaitez plus recevoir nos informations ou si vous d\u00e9sirez nous communiquer un changement d\u2019adresse, vous pouvez en faire la demande \u00e9crite par courrier ou par mail (info@ecrin.be) en indiquant vos nom, pr\u00e9noms et adresse. Le Centre culturel Ecrin d&rsquo;Eghez\u00e9e s&rsquo;engage \u00e0 ne pas divulguer ou commercialiser les informations concernant les acheteurs. Celles-ci sont confidentielles.<\/p>\n<p><strong>Article 8<\/strong> \u2013 Responsabilit\u00e9s<br \/>\nLa confirmation de l&rsquo;achat en ligne et l\u2019\u00e9mission des billets doivent \u00eatre v\u00e9rifi\u00e9es par l&rsquo;acheteur au moment de leur r\u00e9ception sur sa messagerie \u00e9lectronique. Aucune r\u00e9clamation ult\u00e9rieure \u00e0 la date choisie ne pourra \u00eatre prise en compte. Nous d\u00e9clinons toute responsabilit\u00e9 pour les dommages de quelque nature qu\u2019ils soient et qui seraient susceptibles d&rsquo;atteindre les effets, objets ou mat\u00e9riels apport\u00e9s par les spectateurs. Les spectateurs sont responsables de tout dommage, direct ou indirect, qu&rsquo;ils pourraient causer \u00e0 l&rsquo;occasion de leur pr\u00e9sence au Centre culturel Ecrin d&rsquo;Eghez\u00e9e. Tout enregistrement du spectacle, sous quelque forme que ce soit, y compris photographique ou num\u00e9rique, est strictement interdit.<\/p>\n<p><strong>Article 9<\/strong> \u2013 Contact<br \/>\nPour toute information ou r\u00e9clamation, merci d&rsquo;\u00e9crire au : Centre culturel Ecrin d&rsquo;Eghez\u00e9e, rue de la gare, 3 &#8211; 5310 Eghez\u00e9e<\/p>\n<p><strong>Article 10 <\/strong>\u2013 Droit applicable \u2013 Litiges<br \/>\nLes ventes vis\u00e9es aux pr\u00e9sentes conditions sont soumises \u00e0 la loi belge. Tout litige sera trait\u00e9 par les tribunaux comp\u00e9tents de Nivelles.<\/p>\n<\/div>\n<\/div>\n<p>[\/vc_column_text][\/vc_column][\/vc_row]<\/p>\n<\/div>","protected":false},"excerpt":{"rendered":"<p>[vc_row][vc_column][vc_column_text] Article 1 &#8211; Pr\u00e9ambule Les pr\u00e9sentes conditions de vente s&rsquo;appliquent de plein droit et sans restriction \u00e0 l&rsquo;achat de place(s) de spectacle(s) effectu\u00e9 via&#8230;<\/p>\n<p class=\"readmore\"><a class=\"more-btn\" href=\"https:\/\/www.ecrin.be\/?page_id=3876\">Read More<\/a><\/p>\n","protected":false},"author":1,"featured_media":0,"parent":0,"menu_order":0,"comment_status":"closed","ping_status":"closed","template":"","meta":{"sfsi_plus_gutenberg_text_before_share":"","sfsi_plus_gutenberg_show_text_before_share":"","sfsi_plus_gutenberg_icon_type":"","sfsi_plus_gutenberg_icon_alignemt":"","sfsi_plus_gutenburg_max_per_row":"","footnotes":""},"publishpress_future_action":{"enabled":false,"date":"2026-05-06 18:45:33","action":"change-status","newStatus":"draft","terms":[],"taxonomy":""},"_links":{"self":[{"href":"https:\/\/www.ecrin.be\/index.php?rest_route=\/wp\/v2\/pages\/3876"}],"collection":[{"href":"https:\/\/www.ecrin.be\/index.php?rest_route=\/wp\/v2\/pages"}],"about":[{"href":"https:\/\/www.ecrin.be\/index.php?rest_route=\/wp\/v2\/types\/page"}],"author":[{"embeddable":true,"href":"https:\/\/www.ecrin.be\/index.php?rest_route=\/wp\/v2\/users\/1"}],"replies":[{"embeddable":true,"href":"https:\/\/www.ecrin.be\/index.php?rest_route=%2Fwp%2Fv2%2Fcomments&post=3876"}],"version-history":[{"count":2,"href":"https:\/\/www.ecrin.be\/index.php?rest_route=\/wp\/v2\/pages\/3876\/revisions"}],"predecessor-version":[{"id":3879,"href":"https:\/\/www.ecrin.be\/index.php?rest_route=\/wp\/v2\/pages\/3876\/revisions\/3879"}],"wp:attachment":[{"href":"https:\/\/www.ecrin.be\/index.php?rest_route=%2Fwp%2Fv2%2Fmedia&parent=3876"}],"curies":[{"name":"wp","href":"https:\/\/api.w.org\/{rel}","templated":true}]}}